{"id":57296,"date":"2022-04-13T11:03:10","date_gmt":"2022-04-13T09:03:10","guid":{"rendered":"https:\/\/www.leggendafestival.it\/?page_id=57296"},"modified":"2024-04-10T16:19:46","modified_gmt":"2024-04-10T14:19:46","slug":"luoghi","status":"publish","type":"page","link":"https:\/\/leggenda.comune.empoli.fi.it\/edizione2024\/luoghi\/","title":{"rendered":"Luoghi"},"content":{"rendered":"\t\t<div data-elementor-type=\"wp-page\" data-elementor-id=\"57296\" class=\"elementor elementor-57296\" data-elementor-post-type=\"page\">\n\t\t\t\t\t\t<section class=\"elementor-section elementor-top-section elementor-element elementor-element-78b4112f elementor-section-height-min-height elementor-section-stretched elementor-section-boxed elementor-section-height-default elementor-section-items-middle\" data-id=\"78b4112f\" data-element_type=\"section\" data-settings=\"{&quot;background_background&quot;:&quot;classic&quot;,&quot;shape_divider_bottom&quot;:&quot;book&quot;,&quot;stretch_section&quot;:&quot;section-stretched&quot;}\">\n\t\t\t\t\t\t\t<div class=\"elementor-background-overlay\"><\/div>\n\t\t\t\t\t\t<div class=\"elementor-shape elementor-shape-bottom\" data-negative=\"false\">\n\t\t\t<svg xmlns=\"http:\/\/www.w3.org\/2000\/svg\" viewBox=\"0 0 1000 100\" preserveAspectRatio=\"none\">\n\t<path class=\"elementor-shape-fill\" d=\"M194,99c186.7,0.7,305-78.3,306-97.2c1,18.9,119.3,97.9,306,97.2c114.3-0.3,194,0.3,194,0.3s0-91.7,0-100c0,0,0,0,0-0 L0,0v99.3C0,99.3,79.7,98.7,194,99z\"\/>\n<\/svg>\t\t<\/div>\n\t\t\t\t\t<div class=\"elementor-container elementor-column-gap-default\">\n\t\t\t\t\t<div class=\"elementor-column elementor-col-100 elementor-top-column elementor-element elementor-element-53e05e00\" data-id=\"53e05e00\" data-element_type=\"column\">\n\t\t\t<div class=\"elementor-widget-wrap elementor-element-populated\">\n\t\t\t\t\t\t<div class=\"elementor-element elementor-element-5705f3df elementor-widget elementor-widget-heading\" data-id=\"5705f3df\" data-element_type=\"widget\" data-widget_type=\"heading.default\">\n\t\t\t\t<div class=\"elementor-widget-container\">\n\t\t\t<h2 class=\"elementor-heading-title elementor-size-default\">Luoghi<\/h2>\t\t<\/div>\n\t\t\t\t<\/div>\n\t\t\t\t<div class=\"elementor-element elementor-element-60167d12 elementor-widget elementor-widget-text-editor\" data-id=\"60167d12\" data-element_type=\"widget\" data-widget_type=\"text-editor.default\">\n\t\t\t\t<div class=\"elementor-widget-container\">\n\t\t\t\t\t\t\t<p>Home \/ Luoghi<\/p>\t\t\t\t\t\t<\/div>\n\t\t\t\t<\/div>\n\t\t\t\t\t<\/div>\n\t\t<\/div>\n\t\t\t\t\t<\/div>\n\t\t<\/section>\n\t\t\t\t<section class=\"elementor-section elementor-top-section elementor-element elementor-element-173db9f5 elementor-section-stretched elementor-hidden-desktop elementor-hidden-tablet elementor-hidden-mobile elementor-section-boxed elementor-section-height-default elementor-section-height-default\" data-id=\"173db9f5\" data-element_type=\"section\" data-settings=\"{&quot;background_background&quot;:&quot;classic&quot;,&quot;stretch_section&quot;:&quot;section-stretched&quot;}\">\n\t\t\t\t\t\t\t<div class=\"elementor-background-overlay\"><\/div>\n\t\t\t\t\t\t\t<div class=\"elementor-container elementor-column-gap-default\">\n\t\t\t\t\t<div class=\"elementor-column elementor-col-100 elementor-top-column elementor-element elementor-element-3ee2f1a3\" data-id=\"3ee2f1a3\" data-element_type=\"column\">\n\t\t\t<div class=\"elementor-widget-wrap elementor-element-populated\">\n\t\t\t\t\t\t<div class=\"elementor-element elementor-element-57d4e168 elementor-widget elementor-widget-heading\" data-id=\"57d4e168\" data-element_type=\"widget\" data-widget_type=\"heading.default\">\n\t\t\t\t<div class=\"elementor-widget-container\">\n\t\t\t<h2 class=\"elementor-heading-title elementor-size-default\">I luoghi del Festival Leggenda<\/h2>\t\t<\/div>\n\t\t\t\t<\/div>\n\t\t\t\t<div class=\"elementor-element elementor-element-21c13539 elementor-widget elementor-widget-spacer\" data-id=\"21c13539\" data-element_type=\"widget\" data-widget_type=\"spacer.default\">\n\t\t\t\t<div class=\"elementor-widget-container\">\n\t\t\t\t\t<div class=\"elementor-spacer\">\n\t\t\t<div class=\"elementor-spacer-inner\"><\/div>\n\t\t<\/div>\n\t\t\t\t<\/div>\n\t\t\t\t<\/div>\n\t\t\t\t<div class=\"elementor-element elementor-element-7c459bcc elementor-widget elementor-widget-text-editor\" data-id=\"7c459bcc\" data-element_type=\"widget\" data-widget_type=\"text-editor.default\">\n\t\t\t\t<div class=\"elementor-widget-container\">\n\t\t\t\t\t\t\t<p>Il programma sar\u00e0 online da marted\u00ec 30 aprile e le prenotazioni saranno attive a partire da luned\u00ec 6 maggio<\/p>\t\t\t\t\t\t<\/div>\n\t\t\t\t<\/div>\n\t\t\t\t\t<\/div>\n\t\t<\/div>\n\t\t\t\t\t<\/div>\n\t\t<\/section>\n\t\t\t\t<section class=\"elementor-section elementor-top-section elementor-element elementor-element-c2b0362 elementor-section-stretched elementor-section-boxed elementor-section-height-default elementor-section-height-default\" data-id=\"c2b0362\" data-element_type=\"section\" data-settings=\"{&quot;background_background&quot;:&quot;classic&quot;,&quot;stretch_section&quot;:&quot;section-stretched&quot;}\">\n\t\t\t\t\t\t\t<div class=\"elementor-background-overlay\"><\/div>\n\t\t\t\t\t\t\t<div class=\"elementor-container elementor-column-gap-default\">\n\t\t\t\t\t<div class=\"elementor-column elementor-col-100 elementor-top-column elementor-element elementor-element-49d7b83\" data-id=\"49d7b83\" data-element_type=\"column\">\n\t\t\t<div class=\"elementor-widget-wrap elementor-element-populated\">\n\t\t\t\t\t\t<div class=\"elementor-element elementor-element-03d4ad1 elementor-widget elementor-widget-heading\" data-id=\"03d4ad1\" data-element_type=\"widget\" data-widget_type=\"heading.default\">\n\t\t\t\t<div class=\"elementor-widget-container\">\n\t\t\t<h2 class=\"elementor-heading-title elementor-size-default\">I luoghi del Festival Leggenda<\/h2>\t\t<\/div>\n\t\t\t\t<\/div>\n\t\t\t\t<div class=\"elementor-element elementor-element-6cc6224 elementor-widget elementor-widget-spacer\" data-id=\"6cc6224\" data-element_type=\"widget\" data-widget_type=\"spacer.default\">\n\t\t\t\t<div class=\"elementor-widget-container\">\n\t\t\t\t\t<div class=\"elementor-spacer\">\n\t\t\t<div class=\"elementor-spacer-inner\"><\/div>\n\t\t<\/div>\n\t\t\t\t<\/div>\n\t\t\t\t<\/div>\n\t\t\t\t<div class=\"elementor-element elementor-element-9a97fbe elementor-widget elementor-widget-text-editor\" data-id=\"9a97fbe\" data-element_type=\"widget\" data-widget_type=\"text-editor.default\">\n\t\t\t\t<div class=\"elementor-widget-container\">\n\t\t\t\t\t\t\t<p>Oltre al nuovissimo polo principale del festival, Palazzo Leggenda, e alla Biblioteca Comunale \u201cRenato Fucini\u201d di Empoli, altri sono i luoghi della citt\u00e0 che ospitano gli eventi.<\/p><p>Scopriamoli insieme!<\/p><p><strong>Palazzo Leggenda<\/strong>, Via Paladini snc \u2013 Incontri e laboratori<br \/><strong>Biblioteca Comunale Renato Fucini<\/strong>, Via Cavour 36 \u2013 Incontri e laboratori<br \/><strong>Palazzo delle Esposizioni<\/strong>, Piazza Guido Guerra \u2013 Incontri, laboratori, spettacoli, Mostra mercato del libro e Viruslibro<br \/><strong>Minimal Teatro<\/strong>, Via Paolo Veronese 10 \u2013 Spettacoli a cura di Giallo Mare Minimal Teatro<br \/><strong>Libreria NessunDove<\/strong>, Piazza Farinata degli Uberti 18 \u2013 Incontri<br \/><strong>Libreria La San Paolo libri &amp; persone<\/strong>, Via del Giglio 53 \u2013 Incontri<br \/><strong>Libreria Rinascita<\/strong>, Via Ridolfi 53 \u2013 Incontri<br \/><strong>Spazio Soci UniCoop Firenze Centro*Empoli<\/strong>, Via Raffaello Sanzio 199 \u2013 Incontri<br \/><strong>Biblioteca Giuseppe Cinque del Liceo Il Pontormo<\/strong>, Via R. Sanzio 159 \u2013 Incontri<br \/><strong>Progetto Hugo<\/strong>, Piazza don Minzoni \u2013 Incontri e laboratori<br \/><span style=\"font-weight: bold;\">Il nido dei nidi<\/span>\u00a0\u2013 Largo della Resistenza<br \/><b> Centro Giovani Avane<\/b>, Via Magolo 32 \u2013 Incontri laboratori<\/p><p>Nella cartina qui sotto potete localizzare ognuno dei luoghi del festival.<\/p>\t\t\t\t\t\t<\/div>\n\t\t\t\t<\/div>\n\t\t\t\t<div class=\"elementor-element elementor-element-a7f4e6a elementor-hidden-desktop elementor-hidden-tablet elementor-widget elementor-widget-html\" data-id=\"a7f4e6a\" data-element_type=\"widget\" data-widget_type=\"html.default\">\n\t\t\t\t<div class=\"elementor-widget-container\">\n\t\t\t<iframe src=\"https:\/\/www.google.com\/maps\/d\/embed?mid=1QHcABEJuy_UDzj1HtDnqGdvvBgO96O0&ehbc=2E312F\" width=\"640\" height=\"480\"><\/iframe>\t\t<\/div>\n\t\t\t\t<\/div>\n\t\t\t\t<div class=\"elementor-element elementor-element-ffdb8e0 elementor-hidden-mobile elementor-widget elementor-widget-html\" data-id=\"ffdb8e0\" data-element_type=\"widget\" data-widget_type=\"html.default\">\n\t\t\t\t<div class=\"elementor-widget-container\">\n\t\t\t<iframe style=\"border-radius:10px\" width=\"100%\" height=\"500px\" frameborder=\"0\" allowfullscreen allow=\"geolocation\" src=\"\/\/umap.openstreetmap.fr\/it\/map\/leggenda-festival-aggiornato-2024_1037432?scaleControl=false&miniMap=false&scrollWheelZoom=false&zoomControl=true&editMode=disabled&moreControl=false&searchControl=false&tilelayersControl=false&embedControl=false&datalayersControl=expanded&onLoadPanel=undefined&captionBar=false&captionMenus=true&fullscreenControl=false&locateControl=false&measureControl=false&editinosmControl=false&starControl=false\"><\/iframe>\t\t<\/div>\n\t\t\t\t<\/div>\n\t\t\t\t\t<\/div>\n\t\t<\/div>\n\t\t\t\t\t<\/div>\n\t\t<\/section>\n\t\t\t\t<\/div>\n\t\t","protected":false},"excerpt":{"rendered":"<p>Luoghi Home \/ Luoghi I luoghi del Festival Leggenda Il programma sar\u00e0 online da marted\u00ec 30 aprile e le prenotazioni saranno attive a partire da luned\u00ec 6 maggio I luoghi del Festival Leggenda Oltre al nuovissimo polo principale del festival, Palazzo Leggenda, e alla Biblioteca Comunale \u201cRenato Fucini\u201d di Empoli, altri sono i luoghi della [&hellip;]<\/p>\n","protected":false},"author":4,"featured_media":0,"parent":0,"menu_order":0,"comment_status":"closed","ping_status":"closed","template":"","meta":{"footnotes":""},"_links":{"self":[{"href":"https:\/\/leggenda.comune.empoli.fi.it\/edizione2024\/wp-json\/wp\/v2\/pages\/57296"}],"collection":[{"href":"https:\/\/leggenda.comune.empoli.fi.it\/edizione2024\/wp-json\/wp\/v2\/pages"}],"about":[{"href":"https:\/\/leggenda.comune.empoli.fi.it\/edizione2024\/wp-json\/wp\/v2\/types\/page"}],"author":[{"embeddable":true,"href":"https:\/\/leggenda.comune.empoli.fi.it\/edizione2024\/wp-json\/wp\/v2\/users\/4"}],"replies":[{"embeddable":true,"href":"https:\/\/leggenda.comune.empoli.fi.it\/edizione2024\/wp-json\/wp\/v2\/comments?post=57296"}],"version-history":[{"count":93,"href":"https:\/\/leggenda.comune.empoli.fi.it\/edizione2024\/wp-json\/wp\/v2\/pages\/57296\/revisions"}],"predecessor-version":[{"id":60353,"href":"https:\/\/leggenda.comune.empoli.fi.it\/edizione2024\/wp-json\/wp\/v2\/pages\/57296\/revisions\/60353"}],"wp:attachment":[{"href":"https:\/\/leggenda.comune.empoli.fi.it\/edizione2024\/wp-json\/wp\/v2\/media?parent=57296"}],"curies":[{"name":"wp","href":"https:\/\/api.w.org\/{rel}","templated":true}]}}